{"id":175,"date":"2025-05-15T19:09:55","date_gmt":"2025-05-15T17:09:55","guid":{"rendered":"https:\/\/alencosaic.com\/vans\/?page_id=175"},"modified":"2025-06-23T15:51:44","modified_gmt":"2025-06-23T13:51:44","slug":"politica-integrada-de-calidad-y-medio-ambiente","status":"publish","type":"page","link":"https:\/\/alencosaic.com\/vans\/politica-integrada-de-calidad-y-medio-ambiente\/","title":{"rendered":"Pol\u00edtica integrada de calidad y medio ambiente"},"content":{"rendered":"\t\t<div data-elementor-type=\"wp-page\" data-elementor-id=\"175\" class=\"elementor elementor-175\" data-elementor-post-type=\"page\">\n\t\t\t\t<div class=\"elementor-element elementor-element-a500f53 e-flex e-con-boxed e-con e-parent\" data-id=\"a500f53\" data-element_type=\"container\" data-settings=\"{&quot;background_background&quot;:&quot;classic&quot;}\">\n\t\t\t\t\t<div class=\"e-con-inner\">\n\t\t<div class=\"elementor-element elementor-element-27a49a4 e-con-full e-flex e-con e-child\" data-id=\"27a49a4\" data-element_type=\"container\">\n\t\t\t\t<div class=\"elementor-element elementor-element-f6cd9ee elementor-widget elementor-widget-heading\" data-id=\"f6cd9ee\" data-element_type=\"widget\" data-widget_type=\"heading.default\">\n\t\t\t\t<div class=\"elementor-widget-container\">\n\t\t\t\t\t<h2 class=\"elementor-heading-title elementor-size-default\">Politica integrada de calidad y medio ambiente<\/h2>\t\t\t\t<\/div>\n\t\t\t\t<\/div>\n\t\t\t\t<\/div>\n\t\t\t\t\t<\/div>\n\t\t\t\t<\/div>\n\t\t<div class=\"elementor-element elementor-element-1c83714 e-flex e-con-boxed e-con e-parent\" data-id=\"1c83714\" data-element_type=\"container\">\n\t\t\t\t\t<div class=\"e-con-inner\">\n\t\t<div class=\"elementor-element elementor-element-7ca1acb e-con-full e-flex e-con e-child\" data-id=\"7ca1acb\" data-element_type=\"container\">\n\t\t\t\t<div class=\"elementor-element elementor-element-cb060f3 elementor-widget elementor-widget-heading\" data-id=\"cb060f3\" data-element_type=\"widget\" data-widget_type=\"heading.default\">\n\t\t\t\t<div class=\"elementor-widget-container\">\n\t\t\t\t\t<h2 class=\"elementor-heading-title elementor-size-default\">\nPolitica integrada de calidad y medio ambiente<\/h2>\t\t\t\t<\/div>\n\t\t\t\t<\/div>\n\t\t\t\t<div class=\"elementor-element elementor-element-6ed19c1 elementor-widget elementor-widget-text-editor\" data-id=\"6ed19c1\" data-element_type=\"widget\" data-widget_type=\"text-editor.default\">\n\t\t\t\t<div class=\"elementor-widget-container\">\n\t\t\t\t\t\t\t\t\t<div class=\"col50\"><p>Alenco S.A.I.C. ha definido y hace conocer su pol\u00edtica de calidad y medio ambiente para su Sistema de Gesti\u00f3n Integrado (SGI), la cual est\u00e1 basada en el compromiso de la mejora continua, con el firme prop\u00f3sito de ser un proveedor confiable de veh\u00edculos 0Km, veh\u00edculos usados, repuestos y servicios de postventa, satisfaciendo las necesidades de sus Clientes y los altos est\u00e1ndares exigidos por Mercedes-Benz Argentina S.A.U. y Mercedes- Benz Camiones y Buses Argentina S.A.U.<\/p><p>Esta pol\u00edtica se aplica a la \u201cVenta de veh\u00edculos 0 Km Mercedes Benz para transporte de pasajeros, Servicio de postventa Mercedes Benz para veh\u00edculos comerciales, venta de repuestos Mercedes Benz y venta de veh\u00edculos usados desarrollados en el domicilio sito en Amancio Alcorta 2939 \u2013 Ciudad Aut\u00f3noma de Buenos Aires.\u201d<\/p><p>Asimismo, esta pol\u00edtica se hace extensiva a todas sus partes interesadas.<\/p><\/div><div class=\"col100\"><p>Es pol\u00edtica para Alenco S.A.I.C.:<\/p><div class=\"col50\"><ul class=\"list\"><li>Efectuar servicios con niveles tecnol\u00f3gicos altamente satisfactorios y con una \u00f3ptima calidad, preservando el medio ambiente.<\/li><li>Conservar los Recursos Naturales y su utilizaci\u00f3n en forma racional, como as\u00ed tambi\u00e9n prevenir la contaminaci\u00f3n del Medio Ambiente.<\/li><li>Estrechar la relaci\u00f3n con sus proveedores y clientes, tanto externos como internos.<\/li><li>Cumplir con todas las disposiciones, resoluciones, leyes y normas aplicables.<\/li><li>Atribuir la responsabilidad sobre Calidad y Medio Ambiente a la Direcci\u00f3n de la empresa, y asegurar que todos los que operan en ella sean conscientes de las responsabilidades individuales.<\/li><\/ul><\/div><div class=\"col50\"><ul class=\"list\"><li>Capacitar a su personal en forma continua y brindarles un ambiente de trabajo seguro, ordenado y limpio que aliente a desarrollar las actividades en un \u00e1mbito confortable y propicio para la aplicaci\u00f3n del talento y la creatividad.<\/li><li>Responder a las inquietudes de la comunidad, partes interesadas y autoridades en lo referente a nuestro desempe\u00f1o ambiental.<\/li><li>Mejorar continuamente el desempe\u00f1o en calidad y medio ambiente, conforma a los requisitos del SGI de la Empresa.<\/li><\/ul><div>\u00a0<\/div><\/div><\/div><div class=\"col100\"><p>Esta declaraci\u00f3n de pol\u00edtica est\u00e1 a disposici\u00f3n de todas las personas que operan en Alenco S.A.I.C. y de las partes interesadas.<\/p><p>La organizaci\u00f3n tiene determinado los l\u00edmites y aplicabilidad de su SGI en el presente alcance: Partes Interesadas; Productos y Servicios; Normas de Gesti\u00f3n y Exclusiones.<\/p><p><b>La Direcci\u00f3n\u00a0<\/b><br \/>Revision 9\u00a0 &#8211; 26\/04\/2024<\/p><\/div>\t\t\t\t\t\t\t\t<\/div>\n\t\t\t\t<\/div>\n\t\t\t\t<\/div>\n\t\t\t\t\t<\/div>\n\t\t\t\t<\/div>\n\t\t<div class=\"elementor-element elementor-element-0d39797 e-flex e-con-boxed e-con e-parent\" data-id=\"0d39797\" data-element_type=\"container\" id=\"consulta\">\n\t\t\t\t\t<div class=\"e-con-inner\">\n\t\t\t\t<div class=\"elementor-element elementor-element-2fd61de elementor-widget elementor-widget-heading\" data-id=\"2fd61de\" data-element_type=\"widget\" data-widget_type=\"heading.default\">\n\t\t\t\t<div class=\"elementor-widget-container\">\n\t\t\t\t\t<h2 class=\"elementor-heading-title elementor-size-default\">Realizar consulta\n<\/h2>\t\t\t\t<\/div>\n\t\t\t\t<\/div>\n\t\t\t\t<div class=\"elementor-element elementor-element-456b86c elementor-widget elementor-widget-text-editor\" data-id=\"456b86c\" data-element_type=\"widget\" data-widget_type=\"text-editor.default\">\n\t\t\t\t<div class=\"elementor-widget-container\">\n\t\t\t\t\t\t\t\t\t<p>Queremos asesorarte sobre tu Mercedes-Benz. Por favor complet\u00e1 el siguiente formulario y nos pondremos en contacto.<\/p>\t\t\t\t\t\t\t\t<\/div>\n\t\t\t\t<\/div>\n\t\t\t\t<div class=\"elementor-element elementor-element-43a4d89 elementor-widget elementor-widget-shortcode\" data-id=\"43a4d89\" data-element_type=\"widget\" data-widget_type=\"shortcode.default\">\n\t\t\t\t<div class=\"elementor-widget-container\">\n\t\t\t\t\t\t\t<div class=\"elementor-shortcode\">\n<div class=\"wpcf7 no-js\" id=\"wpcf7-f125-o1\" lang=\"es-ES\" dir=\"ltr\" data-wpcf7-id=\"125\">\n<div class=\"screen-reader-response\"><p role=\"status\" aria-live=\"polite\" aria-atomic=\"true\"><\/p> <ul><\/ul><\/div>\n<form action=\"\/vans\/wp-json\/wp\/v2\/pages\/175#wpcf7-f125-o1\" method=\"post\" class=\"wpcf7-form init\" aria-label=\"Formulario de contacto\" novalidate=\"novalidate\" data-status=\"init\">\n<fieldset class=\"hidden-fields-container\"><input type=\"hidden\" name=\"_wpcf7\" value=\"125\" \/><input type=\"hidden\" name=\"_wpcf7_version\" value=\"6.1\" \/><input type=\"hidden\" name=\"_wpcf7_locale\" value=\"es_ES\" \/><input type=\"hidden\" name=\"_wpcf7_unit_tag\" value=\"wpcf7-f125-o1\" \/><input type=\"hidden\" name=\"_wpcf7_container_post\" value=\"0\" \/><input type=\"hidden\" name=\"_wpcf7_posted_data_hash\" value=\"\" \/>\n<\/fieldset>\n<div id=\"responsive-form\" class=\"clearfix\">\n\t<div class=\"form-row\">\n\t\t<div class=\"column-half\">\n\t\t\t<p><span class=\"wpcf7-form-control-wrap\" data-name=\"first-name\"><input size=\"40\" maxlength=\"400\" class=\"wpcf7-form-control wpcf7-text wpcf7-validates-as-required\" aria-required=\"true\" aria-invalid=\"false\" placeholder=\"Nombre*\" value=\"\" type=\"text\" name=\"first-name\" \/><\/span>\n\t\t\t<\/p>\n\t\t<\/div>\n\t\t<div class=\"column-half\">\n\t\t\t<p><span class=\"wpcf7-form-control-wrap\" data-name=\"last-name\"><input size=\"40\" maxlength=\"400\" class=\"wpcf7-form-control wpcf7-text wpcf7-validates-as-required\" aria-required=\"true\" aria-invalid=\"false\" placeholder=\"Apellido\" value=\"\" type=\"text\" name=\"last-name\" \/><\/span>\n\t\t\t<\/p>\n\t\t<\/div>\n\t<\/div>\n\t<div class=\"form-row\">\n\t\t<div class=\"column-half\">\n\t\t\t<p><span class=\"wpcf7-form-control-wrap\" data-name=\"your-phone\"><input size=\"40\" maxlength=\"400\" class=\"wpcf7-form-control wpcf7-text wpcf7-validates-as-required\" aria-required=\"true\" aria-invalid=\"false\" placeholder=\"Tel\u00e9fono\" value=\"\" type=\"text\" name=\"your-phone\" \/><\/span>\n\t\t\t<\/p>\n\t\t<\/div>\n\t\t<div class=\"column-half\">\n\t\t\t<p><span class=\"wpcf7-form-control-wrap\" data-name=\"your-email\"><input size=\"40\" maxlength=\"400\" class=\"wpcf7-form-control wpcf7-email wpcf7-validates-as-required wpcf7-text wpcf7-validates-as-email\" aria-required=\"true\" aria-invalid=\"false\" placeholder=\"Email*\" value=\"\" type=\"email\" name=\"your-email\" \/><\/span>\n\t\t\t<\/p>\n\t\t<\/div>\n\t<\/div>\n\t<div class=\"form-row\">\n\t\t<div class=\"column-full\">\n\t\t\t<p><span class=\"wpcf7-form-control-wrap\" data-name=\"vehiculo\"><select class=\"wpcf7-form-control wpcf7-select wpcf7-validates-as-required\" aria-required=\"true\" aria-invalid=\"false\" name=\"vehiculo\"><option value=\"\">Consulta de producto \u00f3 modelo de inter\u00e9s:<\/option><option value=\"VANS\">VANS<\/option><option value=\"BUSES\">BUSES<\/option><\/select><\/span>\n\t\t\t<\/p>\n\t\t<\/div>\n\t<\/div>\n\t<div class=\"form-row\">\n\t\t<div class=\"column-full\">\n\t\t\t<p><span class=\"wpcf7-form-control-wrap\" data-name=\"your-message\"><textarea cols=\"40\" rows=\"10\" maxlength=\"2000\" class=\"wpcf7-form-control wpcf7-textarea\" aria-invalid=\"false\" placeholder=\"Mensaje\" name=\"your-message\"><\/textarea><\/span>\n\t\t\t<\/p>\n\t\t<\/div>\n\t<\/div>\n\t<div class=\"form-row\">\n\t\t<div class=\"column-full\">\n\t\t\t<p><span class=\"wpcf7-form-control-wrap\" data-name=\"acceptance-176\"><span class=\"wpcf7-form-control wpcf7-acceptance\"><span class=\"wpcf7-list-item\"><label><input type=\"checkbox\" name=\"acceptance-176\" value=\"1\" aria-invalid=\"false\" \/><span class=\"wpcf7-list-item-label\">Acepto el uso y almacenamiento de mis datos<\/span><\/label><\/span><\/span><\/span>\n\t\t\t<\/p>\n\t\t\t<p><br \/>\nDeclaro haber sido informado en los t\u00e9rminos del art. 6 de la Ley 25.326 acerca del car\u00e1cter facultativo de la presente y de la posibilidad de ejercer el derecho de acceso, rectificaci\u00f3n y supresi\u00f3n de los datos antes referidos, as\u00ed como tambi\u00e9n de la finalidad de su tratamiento.<br \/>\nAutorizo y consiento expresamente a ALENCO S.A.I.C. para el procesamiento de datos, y todo ello en los t\u00e9rminos requeridos por el art. 5 de la Ley 25.326 a usar mis datos personales contenidos en la presente a fin de que formulen ofertas publicitarias y remitan informaci\u00f3n comercial de sus bienes y\/o servicios, incluido, pero no limitado a futuras acciones de marketing \/ invitaci\u00f3n a eventos \/ comunicaciones referentes a ofertas de productos y\/o servicios, etc.\n\t\t\t<\/p>\n\t\t<\/div>\n\t<\/div>\n\t<div class=\"form-row\">\n\t\t<div class=\"column-full\">\n\t\t\t<p><input class=\"wpcf7-form-control wpcf7-submit has-spinner\" type=\"submit\" value=\"Enviar\" \/>\n\t\t\t<\/p>\n\t\t<\/div>\n\t<\/div>\n<\/div><div class=\"wpcf7-response-output\" aria-hidden=\"true\"><\/div>\n<\/form>\n<\/div>\n<\/div>\n\t\t\t\t\t\t<\/div>\n\t\t\t\t<\/div>\n\t\t\t\t\t<\/div>\n\t\t\t\t<\/div>\n\t\t\t\t<\/div>\n\t\t","protected":false},"excerpt":{"rendered":"<p>Politica integrada de calidad y medio ambiente Politica integrada de calidad y medio ambiente Alenco S.A.I.C. ha definido y hace conocer su pol\u00edtica de calidad y medio ambiente para su Sistema de Gesti\u00f3n Integrado (SGI), la cual est\u00e1 basada en el compromiso de la mejora continua, con el firme prop\u00f3sito de ser un proveedor confiable [&hellip;]<\/p>\n","protected":false},"author":1,"featured_media":0,"parent":0,"menu_order":0,"comment_status":"closed","ping_status":"closed","template":"elementor_header_footer","meta":{"footnotes":""},"class_list":["post-175","page","type-page","status-publish","hentry"],"_links":{"self":[{"href":"https:\/\/alencosaic.com\/vans\/wp-json\/wp\/v2\/pages\/175","targetHints":{"allow":["GET"]}}],"collection":[{"href":"https:\/\/alencosaic.com\/vans\/wp-json\/wp\/v2\/pages"}],"about":[{"href":"https:\/\/alencosaic.com\/vans\/wp-json\/wp\/v2\/types\/page"}],"author":[{"embeddable":true,"href":"https:\/\/alencosaic.com\/vans\/wp-json\/wp\/v2\/users\/1"}],"replies":[{"embeddable":true,"href":"https:\/\/alencosaic.com\/vans\/wp-json\/wp\/v2\/comments?post=175"}],"version-history":[{"count":13,"href":"https:\/\/alencosaic.com\/vans\/wp-json\/wp\/v2\/pages\/175\/revisions"}],"predecessor-version":[{"id":688,"href":"https:\/\/alencosaic.com\/vans\/wp-json\/wp\/v2\/pages\/175\/revisions\/688"}],"wp:attachment":[{"href":"https:\/\/alencosaic.com\/vans\/wp-json\/wp\/v2\/media?parent=175"}],"curies":[{"name":"wp","href":"https:\/\/api.w.org\/{rel}","templated":true}]}}