{"id":233,"date":"2025-05-15T19:44:33","date_gmt":"2025-05-15T17:44:33","guid":{"rendered":"https:\/\/alencosaic.com\/vans\/?page_id=233"},"modified":"2026-04-14T21:41:25","modified_gmt":"2026-04-14T19:41:25","slug":"mantenimiento","status":"publish","type":"page","link":"https:\/\/alencosaic.com\/vans\/mantenimiento\/","title":{"rendered":"Mantenimiento"},"content":{"rendered":"\t\t<div data-elementor-type=\"wp-page\" data-elementor-id=\"233\" class=\"elementor elementor-233\" data-elementor-post-type=\"page\">\n\t\t\t\t<div class=\"elementor-element elementor-element-a500f53 e-flex e-con-boxed e-con e-parent\" data-id=\"a500f53\" data-element_type=\"container\" data-settings=\"{&quot;background_background&quot;:&quot;classic&quot;}\">\n\t\t\t\t\t<div class=\"e-con-inner\">\n\t\t<div class=\"elementor-element elementor-element-27a49a4 e-con-full e-flex e-con e-child\" data-id=\"27a49a4\" data-element_type=\"container\">\n\t\t\t\t<div class=\"elementor-element elementor-element-f6cd9ee elementor-widget elementor-widget-heading\" data-id=\"f6cd9ee\" data-element_type=\"widget\" data-widget_type=\"heading.default\">\n\t\t\t\t<div class=\"elementor-widget-container\">\n\t\t\t\t\t<h2 class=\"elementor-heading-title elementor-size-default\">\nServicios postventa\nMercedes-Benz<\/h2>\t\t\t\t<\/div>\n\t\t\t\t<\/div>\n\t\t\t\t<\/div>\n\t\t\t\t\t<\/div>\n\t\t\t\t<\/div>\n\t\t<div class=\"elementor-element elementor-element-1c83714 e-flex e-con-boxed e-con e-parent\" data-id=\"1c83714\" data-element_type=\"container\">\n\t\t\t\t\t<div class=\"e-con-inner\">\n\t\t<div class=\"elementor-element elementor-element-7ca1acb e-con-full e-flex e-con e-child\" data-id=\"7ca1acb\" data-element_type=\"container\">\n\t\t\t\t<div class=\"elementor-element elementor-element-cb060f3 elementor-widget elementor-widget-heading\" data-id=\"cb060f3\" data-element_type=\"widget\" data-widget_type=\"heading.default\">\n\t\t\t\t<div class=\"elementor-widget-container\">\n\t\t\t\t\t<h2 class=\"elementor-heading-title elementor-size-default\">Mantenimiento\n<\/h2>\t\t\t\t<\/div>\n\t\t\t\t<\/div>\n\t\t\t\t<div class=\"elementor-element elementor-element-6ed19c1 elementor-widget elementor-widget-text-editor\" data-id=\"6ed19c1\" data-element_type=\"widget\" data-widget_type=\"text-editor.default\">\n\t\t\t\t<div class=\"elementor-widget-container\">\n\t\t\t\t\t\t\t\t\t<p>Servicio postventa Mercedes-Benz para tu veh\u00edculo<\/p><p>Si das lo mejor de vos, deber\u00edas recibir el mejor servicio<\/p><p>Tus clientes exigen la m\u00e1xima fiabilidad y calidad. Entonces, \u00bfpor qu\u00e9 pedirle menos a tu veh\u00edculo? Y es que, solo cuando tu van funciona de forma fiable todos los d\u00edas, tu negocio tambi\u00e9n funciona.<\/p><p>Con el servicio postventa de Mercedes-Benz, tienes a tu lado un socio que conoce tu veh\u00edculo a la perfecci\u00f3n y que te ayuda a seguir adelante con fiabilidad. Como fabricantes de vans, conocemos tu veh\u00edculo mejor que nadie.<\/p><p>Gracias a la calidad Mercedes-Benz, podr\u00e1s moverte con seguridad y de manera rentable.<\/p>\t\t\t\t\t\t\t\t<\/div>\n\t\t\t\t<\/div>\n\t\t\t\t<\/div>\n\t\t<div class=\"elementor-element elementor-element-e3c0902 e-con-full e-flex e-con e-child\" data-id=\"e3c0902\" data-element_type=\"container\">\n\t\t<div class=\"elementor-element elementor-element-48eac84 e-con-full e-flex e-con e-child\" data-id=\"48eac84\" data-element_type=\"container\">\n\t\t\t\t<div class=\"elementor-element elementor-element-ab8f659 elementor-widget elementor-widget-image\" data-id=\"ab8f659\" data-element_type=\"widget\" data-widget_type=\"image.default\">\n\t\t\t\t<div class=\"elementor-widget-container\">\n\t\t\t\t\t\t\t\t\t\t\t\t\t\t\t\t<a href=\"https:\/\/wa.me\/5491124513262\">\n\t\t\t\t\t\t\t<img fetchpriority=\"high\" decoding=\"async\" width=\"576\" height=\"1024\" src=\"https:\/\/alencosaic.com\/vans\/wp-content\/uploads\/sites\/3\/2026\/04\/Service-Care-web-06-2-576x1024.jpg\" class=\"attachment-large size-large wp-image-931\" alt=\"\" srcset=\"https:\/\/alencosaic.com\/vans\/wp-content\/uploads\/sites\/3\/2026\/04\/Service-Care-web-06-2-576x1024.jpg 576w, https:\/\/alencosaic.com\/vans\/wp-content\/uploads\/sites\/3\/2026\/04\/Service-Care-web-06-2-169x300.jpg 169w, https:\/\/alencosaic.com\/vans\/wp-content\/uploads\/sites\/3\/2026\/04\/Service-Care-web-06-2-768x1365.jpg 768w, https:\/\/alencosaic.com\/vans\/wp-content\/uploads\/sites\/3\/2026\/04\/Service-Care-web-06-2-864x1536.jpg 864w, https:\/\/alencosaic.com\/vans\/wp-content\/uploads\/sites\/3\/2026\/04\/Service-Care-web-06-2.jpg 1080w\" sizes=\"(max-width: 576px) 100vw, 576px\" \/>\t\t\t\t\t\t\t\t<\/a>\n\t\t\t\t\t\t\t\t\t\t\t\t\t\t\t<\/div>\n\t\t\t\t<\/div>\n\t\t\t\t<\/div>\n\t\t<div class=\"elementor-element elementor-element-f962873 e-con-full e-flex e-con e-child\" data-id=\"f962873\" data-element_type=\"container\">\n\t\t\t\t<div class=\"elementor-element elementor-element-614db2b elementor-widget elementor-widget-image\" data-id=\"614db2b\" data-element_type=\"widget\" data-widget_type=\"image.default\">\n\t\t\t\t<div class=\"elementor-widget-container\">\n\t\t\t\t\t\t\t\t\t\t\t\t\t\t\t\t<a href=\"https:\/\/wa.me\/5491124513262\">\n\t\t\t\t\t\t\t<img decoding=\"async\" width=\"576\" height=\"1024\" src=\"https:\/\/alencosaic.com\/vans\/wp-content\/uploads\/sites\/3\/2026\/04\/Service-Care-web-07-2-576x1024.jpg\" class=\"attachment-large size-large wp-image-930\" alt=\"\" srcset=\"https:\/\/alencosaic.com\/vans\/wp-content\/uploads\/sites\/3\/2026\/04\/Service-Care-web-07-2-576x1024.jpg 576w, https:\/\/alencosaic.com\/vans\/wp-content\/uploads\/sites\/3\/2026\/04\/Service-Care-web-07-2-169x300.jpg 169w, https:\/\/alencosaic.com\/vans\/wp-content\/uploads\/sites\/3\/2026\/04\/Service-Care-web-07-2-768x1365.jpg 768w, https:\/\/alencosaic.com\/vans\/wp-content\/uploads\/sites\/3\/2026\/04\/Service-Care-web-07-2-864x1536.jpg 864w, https:\/\/alencosaic.com\/vans\/wp-content\/uploads\/sites\/3\/2026\/04\/Service-Care-web-07-2.jpg 1080w\" sizes=\"(max-width: 576px) 100vw, 576px\" \/>\t\t\t\t\t\t\t\t<\/a>\n\t\t\t\t\t\t\t\t\t\t\t\t\t\t\t<\/div>\n\t\t\t\t<\/div>\n\t\t\t\t<\/div>\n\t\t\t\t<\/div>\n\t\t<div class=\"elementor-element elementor-element-a3981a3 e-con-full e-flex e-con e-child\" data-id=\"a3981a3\" data-element_type=\"container\">\n\t\t<div class=\"elementor-element elementor-element-ea58a27 e-con-full e-flex e-con e-child\" data-id=\"ea58a27\" data-element_type=\"container\">\n\t\t\t\t<div class=\"elementor-element elementor-element-da31024 elementor-widget elementor-widget-image\" data-id=\"da31024\" data-element_type=\"widget\" data-widget_type=\"image.default\">\n\t\t\t\t<div class=\"elementor-widget-container\">\n\t\t\t\t\t\t\t\t\t\t\t\t\t\t\t\t<a href=\"https:\/\/wa.me\/5491124513262\">\n\t\t\t\t\t\t\t<img decoding=\"async\" width=\"576\" height=\"1024\" src=\"https:\/\/alencosaic.com\/vans\/wp-content\/uploads\/sites\/3\/2026\/04\/preciosunificados-abril-contactate-08-576x1024.jpg\" class=\"attachment-large size-large wp-image-937\" alt=\"\" srcset=\"https:\/\/alencosaic.com\/vans\/wp-content\/uploads\/sites\/3\/2026\/04\/preciosunificados-abril-contactate-08-576x1024.jpg 576w, https:\/\/alencosaic.com\/vans\/wp-content\/uploads\/sites\/3\/2026\/04\/preciosunificados-abril-contactate-08-169x300.jpg 169w, https:\/\/alencosaic.com\/vans\/wp-content\/uploads\/sites\/3\/2026\/04\/preciosunificados-abril-contactate-08-768x1365.jpg 768w, https:\/\/alencosaic.com\/vans\/wp-content\/uploads\/sites\/3\/2026\/04\/preciosunificados-abril-contactate-08-864x1536.jpg 864w, https:\/\/alencosaic.com\/vans\/wp-content\/uploads\/sites\/3\/2026\/04\/preciosunificados-abril-contactate-08.jpg 1080w\" sizes=\"(max-width: 576px) 100vw, 576px\" \/>\t\t\t\t\t\t\t\t<\/a>\n\t\t\t\t\t\t\t\t\t\t\t\t\t\t\t<\/div>\n\t\t\t\t<\/div>\n\t\t\t\t<\/div>\n\t\t<div class=\"elementor-element elementor-element-2ccc517 e-con-full e-flex e-con e-child\" data-id=\"2ccc517\" data-element_type=\"container\">\n\t\t\t\t<div class=\"elementor-element elementor-element-a4f1268 elementor-widget elementor-widget-image\" data-id=\"a4f1268\" data-element_type=\"widget\" data-widget_type=\"image.default\">\n\t\t\t\t<div class=\"elementor-widget-container\">\n\t\t\t\t\t\t\t\t\t\t\t\t\t\t\t\t<a href=\"https:\/\/wa.me\/5491124513262\">\n\t\t\t\t\t\t\t<img loading=\"lazy\" decoding=\"async\" width=\"576\" height=\"1024\" src=\"https:\/\/alencosaic.com\/vans\/wp-content\/uploads\/sites\/3\/2026\/04\/preciosunificados-abril-contactate-09-576x1024.jpg\" class=\"attachment-large size-large wp-image-938\" alt=\"\" srcset=\"https:\/\/alencosaic.com\/vans\/wp-content\/uploads\/sites\/3\/2026\/04\/preciosunificados-abril-contactate-09-576x1024.jpg 576w, https:\/\/alencosaic.com\/vans\/wp-content\/uploads\/sites\/3\/2026\/04\/preciosunificados-abril-contactate-09-169x300.jpg 169w, https:\/\/alencosaic.com\/vans\/wp-content\/uploads\/sites\/3\/2026\/04\/preciosunificados-abril-contactate-09-768x1365.jpg 768w, https:\/\/alencosaic.com\/vans\/wp-content\/uploads\/sites\/3\/2026\/04\/preciosunificados-abril-contactate-09-864x1536.jpg 864w, https:\/\/alencosaic.com\/vans\/wp-content\/uploads\/sites\/3\/2026\/04\/preciosunificados-abril-contactate-09.jpg 1080w\" sizes=\"(max-width: 576px) 100vw, 576px\" \/>\t\t\t\t\t\t\t\t<\/a>\n\t\t\t\t\t\t\t\t\t\t\t\t\t\t\t<\/div>\n\t\t\t\t<\/div>\n\t\t\t\t<\/div>\n\t\t\t\t<\/div>\n\t\t\t\t\t<\/div>\n\t\t\t\t<\/div>\n\t\t<div class=\"elementor-element elementor-element-58f9342 e-flex e-con-boxed e-con e-parent\" data-id=\"58f9342\" data-element_type=\"container\">\n\t\t\t\t\t<div class=\"e-con-inner\">\n\t\t<div class=\"elementor-element elementor-element-9466c7a e-con-full e-flex e-con e-child\" data-id=\"9466c7a\" data-element_type=\"container\">\n\t\t\t\t<div class=\"elementor-element elementor-element-d23b263 elementor-widget elementor-widget-heading\" data-id=\"d23b263\" data-element_type=\"widget\" data-widget_type=\"heading.default\">\n\t\t\t\t<div class=\"elementor-widget-container\">\n\t\t\t\t\t<h2 class=\"elementor-heading-title elementor-size-default\">Nuestros servicios\n<\/h2>\t\t\t\t<\/div>\n\t\t\t\t<\/div>\n\t\t\t\t<div class=\"elementor-element elementor-element-177becd e-n-tabs-mobile elementor-widget elementor-widget-n-tabs\" data-id=\"177becd\" data-element_type=\"widget\" data-settings=\"{&quot;tabs_justify_horizontal&quot;:&quot;start&quot;,&quot;horizontal_scroll&quot;:&quot;disable&quot;}\" data-widget_type=\"nested-tabs.default\">\n\t\t\t\t<div class=\"elementor-widget-container\">\n\t\t\t\t\t\t\t<div class=\"e-n-tabs\" data-widget-number=\"24624845\" aria-label=\"Pesta\u00f1as. Abre elementos con Intro o Espacio, ci\u00e9rralos con Escape y navega con las fechas.\">\n\t\t\t<div class=\"e-n-tabs-heading\" role=\"tablist\">\n\t\t\t\t\t<button id=\"e-n-tab-title-246248451\" class=\"e-n-tab-title\" aria-selected=\"true\" data-tab-index=\"1\" role=\"tab\" tabindex=\"0\" aria-controls=\"e-n-tab-content-246248451\" style=\"--n-tabs-title-order: 1;\">\n\t\t\t\t\t\t<span class=\"e-n-tab-title-text\">\n\t\t\t\tInforme digital de servicio\t\t\t<\/span>\n\t\t<\/button>\n\t\t\t\t<button id=\"e-n-tab-title-246248452\" class=\"e-n-tab-title\" aria-selected=\"false\" data-tab-index=\"2\" role=\"tab\" tabindex=\"-1\" aria-controls=\"e-n-tab-content-246248452\" style=\"--n-tabs-title-order: 2;\">\n\t\t\t\t\t\t<span class=\"e-n-tab-title-text\">\n\t\t\t\tRecepci\u00f3n digital del veh\u00edculo\t\t\t<\/span>\n\t\t<\/button>\n\t\t\t\t\t<\/div>\n\t\t\t<div class=\"e-n-tabs-content\">\n\t\t\t\t<div id=\"e-n-tab-content-246248451\" role=\"tabpanel\" aria-labelledby=\"e-n-tab-title-246248451\" data-tab-index=\"1\" style=\"--n-tabs-title-order: 1;\" class=\"e-active elementor-element elementor-element-39f8f97 e-con-full e-flex e-con e-child\" data-id=\"39f8f97\" data-element_type=\"container\">\n\t\t<div class=\"elementor-element elementor-element-bfd5654 e-flex e-con-boxed e-con e-child\" data-id=\"bfd5654\" data-element_type=\"container\">\n\t\t\t\t\t<div class=\"e-con-inner\">\n\t\t\t\t<div class=\"elementor-element elementor-element-495cd80 elementor-widget elementor-widget-heading\" data-id=\"495cd80\" data-element_type=\"widget\" data-widget_type=\"heading.default\">\n\t\t\t\t<div class=\"elementor-widget-container\">\n\t\t\t\t\t<p class=\"elementor-heading-title elementor-size-default\">Tus datos de servicio con solo pulsar un bot\u00f3n\n\n\n<\/p>\t\t\t\t<\/div>\n\t\t\t\t<\/div>\n\t\t\t\t<div class=\"elementor-element elementor-element-58be59d elementor-widget elementor-widget-heading\" data-id=\"58be59d\" data-element_type=\"widget\" data-widget_type=\"heading.default\">\n\t\t\t\t<div class=\"elementor-widget-container\">\n\t\t\t\t\t<h2 class=\"elementor-heading-title elementor-size-default\">Confort y seguridad: el informe de servicio digital\n<\/h2>\t\t\t\t<\/div>\n\t\t\t\t<\/div>\n\t\t\t\t<div class=\"elementor-element elementor-element-41f1227 elementor-widget elementor-widget-text-editor\" data-id=\"41f1227\" data-element_type=\"widget\" data-widget_type=\"text-editor.default\">\n\t\t\t\t<div class=\"elementor-widget-container\">\n\t\t\t\t\t\t\t\t\t<p>El informe digital de servicio<a href=\"#b\"><sup>[b]<\/sup><\/a> sustituye al cuaderno de mantenimiento habitual y ofrece a tu taller autorizado Mercedes-Benz la documentaci\u00f3n segura y precisa de todos los trabajos de servicio realizados.<\/p><p>El informe digital de servicio est\u00e1 seguro y protegido durante toda la vida \u00fatil de tu veh\u00edculo en la base de datos central de Mercedes-Benz y, en caso necesario, permite elaborar el historial de servicio completo del veh\u00edculo.<\/p><p>M\u00e1s seguridad en caso de p\u00e9rdida<\/p><p>Si se extrav\u00eda tu informe de servicio digital, podemos acceder online a los datos de las inspecciones de tu veh\u00edculo e informarte en todo momento sobre las tareas realizadas.<\/p><p>M\u00e1s confort en el extranjero o al cambiar de taller<\/p><p>Tambi\u00e9n en el extranjero podemos acceder a las fechas de servicio de tu veh\u00edculo. De ese modo, podemos ayudarte en cualquier lugar con rapidez y profesionalidad. Adem\u00e1s, tienes la seguridad de que tu informe digital de servicio se actualiza inmediatamente despu\u00e9s de una estancia en el extranjero, o si cambias de taller habitual.<\/p><p>Mayor conservaci\u00f3n del valor mediante protecci\u00f3n contra falsificaciones<\/p><p>El informe digital de servicio documenta el kilometraje efectivo y los trabajos de servicio posventa realizados a prueba de falsificaciones. Esto puede aumentar el valor de reventa de tu veh\u00edculo Mercedes-Benz. Tambi\u00e9n en el caso de adquirir un veh\u00edculo usado, brinda al comprador seguridad adicional sobre la informaci\u00f3n relativa al historial de servicio.<\/p>\t\t\t\t\t\t\t\t<\/div>\n\t\t\t\t<\/div>\n\t\t\t\t<div class=\"elementor-element elementor-element-5f22e7f elementor-widget elementor-widget-button\" data-id=\"5f22e7f\" data-element_type=\"widget\" data-widget_type=\"button.default\">\n\t\t\t\t<div class=\"elementor-widget-container\">\n\t\t\t\t\t\t\t\t\t<div class=\"elementor-button-wrapper\">\n\t\t\t\t\t<a class=\"elementor-button elementor-button-link elementor-size-sm\" href=\"https:\/\/www.mercedes-benz.com.ar\/vans\/services\/online-appointment.html\">\n\t\t\t\t\t\t<span class=\"elementor-button-content-wrapper\">\n\t\t\t\t\t\t\t\t\t<span class=\"elementor-button-text\">Reserva turno online<\/span>\n\t\t\t\t\t<\/span>\n\t\t\t\t\t<\/a>\n\t\t\t\t<\/div>\n\t\t\t\t\t\t\t\t<\/div>\n\t\t\t\t<\/div>\n\t\t\t\t<div class=\"elementor-element elementor-element-c825ef5 elementor-widget elementor-widget-text-editor\" data-id=\"c825ef5\" data-element_type=\"widget\" id=\"b\" data-widget_type=\"text-editor.default\">\n\t\t\t\t<div class=\"elementor-widget-container\">\n\t\t\t\t\t\t\t\t\t<p>[b] Disponible para veh\u00edculos desde octubre de 2012.<\/p>\t\t\t\t\t\t\t\t<\/div>\n\t\t\t\t<\/div>\n\t\t\t\t\t<\/div>\n\t\t\t\t<\/div>\n\t\t<div class=\"elementor-element elementor-element-7d8651d e-flex e-con-boxed e-con e-child\" data-id=\"7d8651d\" data-element_type=\"container\">\n\t\t\t\t\t<div class=\"e-con-inner\">\n\t\t\t\t<div class=\"elementor-element elementor-element-bce1997 elementor-widget elementor-widget-image\" data-id=\"bce1997\" data-element_type=\"widget\" data-widget_type=\"image.default\">\n\t\t\t\t<div class=\"elementor-widget-container\">\n\t\t\t\t\t\t\t\t\t\t\t\t\t\t\t<img loading=\"lazy\" decoding=\"async\" width=\"800\" height=\"802\" src=\"https:\/\/alencosaic.com\/vans\/wp-content\/uploads\/sites\/3\/2025\/05\/confort-1021x1024.jpg\" class=\"attachment-large size-large wp-image-265\" alt=\"\" srcset=\"https:\/\/alencosaic.com\/vans\/wp-content\/uploads\/sites\/3\/2025\/05\/confort-1021x1024.jpg 1021w, https:\/\/alencosaic.com\/vans\/wp-content\/uploads\/sites\/3\/2025\/05\/confort-300x300.jpg 300w, https:\/\/alencosaic.com\/vans\/wp-content\/uploads\/sites\/3\/2025\/05\/confort-150x150.jpg 150w, https:\/\/alencosaic.com\/vans\/wp-content\/uploads\/sites\/3\/2025\/05\/confort-768x770.jpg 768w, https:\/\/alencosaic.com\/vans\/wp-content\/uploads\/sites\/3\/2025\/05\/confort-1531x1536.jpg 1531w, https:\/\/alencosaic.com\/vans\/wp-content\/uploads\/sites\/3\/2025\/05\/confort.jpg 1680w\" sizes=\"(max-width: 800px) 100vw, 800px\" \/>\t\t\t\t\t\t\t\t\t\t\t\t\t\t\t<\/div>\n\t\t\t\t<\/div>\n\t\t\t\t\t<\/div>\n\t\t\t\t<\/div>\n\t\t\t\t<\/div>\n\t\t<div id=\"e-n-tab-content-246248452\" role=\"tabpanel\" aria-labelledby=\"e-n-tab-title-246248452\" data-tab-index=\"2\" style=\"--n-tabs-title-order: 2;\" class=\" elementor-element elementor-element-93829e9 e-con-full e-flex e-con e-child\" data-id=\"93829e9\" data-element_type=\"container\">\n\t\t<div class=\"elementor-element elementor-element-d6018cd e-con-full e-flex e-con e-child\" data-id=\"d6018cd\" data-element_type=\"container\">\n\t\t\t\t<div class=\"elementor-element elementor-element-ff488a4 elementor-widget elementor-widget-heading\" data-id=\"ff488a4\" data-element_type=\"widget\" data-widget_type=\"heading.default\">\n\t\t\t\t<div class=\"elementor-widget-container\">\n\t\t\t\t\t<p class=\"elementor-heading-title elementor-size-default\">De un vistazo\n\n<\/p>\t\t\t\t<\/div>\n\t\t\t\t<\/div>\n\t\t\t\t<div class=\"elementor-element elementor-element-18c470b elementor-widget elementor-widget-heading\" data-id=\"18c470b\" data-element_type=\"widget\" data-widget_type=\"heading.default\">\n\t\t\t\t<div class=\"elementor-widget-container\">\n\t\t\t\t\t<h2 class=\"elementor-heading-title elementor-size-default\">La recepci\u00f3n digital del veh\u00edculo\n<\/h2>\t\t\t\t<\/div>\n\t\t\t\t<\/div>\n\t\t\t\t<div class=\"elementor-element elementor-element-a6bfbf9 elementor-widget elementor-widget-text-editor\" data-id=\"a6bfbf9\" data-element_type=\"widget\" data-widget_type=\"text-editor.default\">\n\t\t\t\t<div class=\"elementor-widget-container\">\n\t\t\t\t\t\t\t\t\t<p>La recepci\u00f3n digital te ayudar\u00e1 a mantener tu veh\u00edculo Mercedes-Benz al d\u00eda en t\u00e9rminos de disponibilidad y seguridad vial. Simplemente llev\u00e1 el veh\u00edculo a tu taller autorizado Mercedes-Benz para realizar la revisi\u00f3n de su estado t\u00e9cnico.<\/p>\n<p>La revisi\u00f3n te ofrece un r\u00e1pido resumen de los trabajos de mantenimiento y reparaci\u00f3n necesarios y recomendados. Tras la revisi\u00f3n, recibir\u00e1s el resultado de la misma por correo electr\u00f3nico, junto con fotograf\u00edas o v\u00eddeos. De esta forma, comprobar\u00e1s de un solo vistazo qu\u00e9 trabajos de servicio son necesarios o recomendables. Todas las reparaciones recomendadas incluyen un c\u00e1lculo del costo aproximado. Esto te ofrece una transparencia total de los costos relacionados con los trabajos a realizar.<\/p>\n<p>Todas las ventajas, en s\u00edntesis:<\/p>\n<ul>\n<li>M\u00e1s tiempo para tus tareas esenciales<\/li>\n<li>Oferta individual con resumen de costos<\/li>\n<li>M\u00e1s transparencia y comprensi\u00f3n de las recomendaciones de reparaci\u00f3n<\/li>\n<li>Tramitaci\u00f3n c\u00f3moda, gracias a la opci\u00f3n de confirmaci\u00f3n digital de la orden de reparaci\u00f3n<\/li>\n<li>La mejor disponibilidad posible de los veh\u00edculos<\/li>\n<li>Los trabajos de mantenimiento pueden planificarse con antelaci\u00f3n<\/li>\n<li>El estado actual de cada veh\u00edculo queda registrado en la documentaci\u00f3n digital<\/li>\n<\/ul>\t\t\t\t\t\t\t\t<\/div>\n\t\t\t\t<\/div>\n\t\t\t\t<div class=\"elementor-element elementor-element-c7ce796 elementor-widget elementor-widget-button\" data-id=\"c7ce796\" data-element_type=\"widget\" data-widget_type=\"button.default\">\n\t\t\t\t<div class=\"elementor-widget-container\">\n\t\t\t\t\t\t\t\t\t<div class=\"elementor-button-wrapper\">\n\t\t\t\t\t<a class=\"elementor-button elementor-button-link elementor-size-sm\" href=\"https:\/\/www.mercedes-benz.com.ar\/vans\/services\/online-appointment.html\">\n\t\t\t\t\t\t<span class=\"elementor-button-content-wrapper\">\n\t\t\t\t\t\t\t\t\t<span class=\"elementor-button-text\">Reserva turno online<\/span>\n\t\t\t\t\t<\/span>\n\t\t\t\t\t<\/a>\n\t\t\t\t<\/div>\n\t\t\t\t\t\t\t\t<\/div>\n\t\t\t\t<\/div>\n\t\t\t\t<\/div>\n\t\t<div class=\"elementor-element elementor-element-244a4ba e-con-full e-flex e-con e-child\" data-id=\"244a4ba\" data-element_type=\"container\">\n\t\t\t\t<div class=\"elementor-element elementor-element-bf8c7b6 elementor-widget elementor-widget-image\" data-id=\"bf8c7b6\" data-element_type=\"widget\" data-widget_type=\"image.default\">\n\t\t\t\t<div class=\"elementor-widget-container\">\n\t\t\t\t\t\t\t\t\t\t\t\t\t\t\t<img loading=\"lazy\" decoding=\"async\" width=\"800\" height=\"800\" src=\"https:\/\/alencosaic.com\/vans\/wp-content\/uploads\/sites\/3\/2025\/05\/recpcion-1024x1024.jpg\" class=\"attachment-large size-large wp-image-243\" alt=\"\" srcset=\"https:\/\/alencosaic.com\/vans\/wp-content\/uploads\/sites\/3\/2025\/05\/recpcion-1024x1024.jpg 1024w, https:\/\/alencosaic.com\/vans\/wp-content\/uploads\/sites\/3\/2025\/05\/recpcion-300x300.jpg 300w, https:\/\/alencosaic.com\/vans\/wp-content\/uploads\/sites\/3\/2025\/05\/recpcion-150x150.jpg 150w, https:\/\/alencosaic.com\/vans\/wp-content\/uploads\/sites\/3\/2025\/05\/recpcion-768x768.jpg 768w, https:\/\/alencosaic.com\/vans\/wp-content\/uploads\/sites\/3\/2025\/05\/recpcion-1536x1536.jpg 1536w, https:\/\/alencosaic.com\/vans\/wp-content\/uploads\/sites\/3\/2025\/05\/recpcion-700x700.jpg 700w, https:\/\/alencosaic.com\/vans\/wp-content\/uploads\/sites\/3\/2025\/05\/recpcion.jpg 1681w\" sizes=\"(max-width: 800px) 100vw, 800px\" \/>\t\t\t\t\t\t\t\t\t\t\t\t\t\t\t<\/div>\n\t\t\t\t<\/div>\n\t\t\t\t<\/div>\n\t\t\t\t<\/div>\n\t\t\t\t\t<\/div>\n\t\t<\/div>\n\t\t\t\t\t\t<\/div>\n\t\t\t\t<\/div>\n\t\t\t\t<\/div>\n\t\t\t\t\t<\/div>\n\t\t\t\t<\/div>\n\t\t\t\t<\/div>\n\t\t","protected":false},"excerpt":{"rendered":"<p>Servicios postventa Mercedes-Benz Mantenimiento Servicio postventa Mercedes-Benz para tu veh\u00edculo Si das lo mejor de vos, deber\u00edas recibir el mejor servicio Tus clientes exigen la m\u00e1xima fiabilidad y calidad. Entonces, \u00bfpor qu\u00e9 pedirle menos a tu veh\u00edculo? Y es que, solo cuando tu van funciona de forma fiable todos los d\u00edas, tu negocio tambi\u00e9n funciona. [&hellip;]<\/p>\n","protected":false},"author":1,"featured_media":0,"parent":0,"menu_order":0,"comment_status":"closed","ping_status":"closed","template":"elementor_header_footer","meta":{"footnotes":""},"class_list":["post-233","page","type-page","status-publish","hentry"],"_links":{"self":[{"href":"https:\/\/alencosaic.com\/vans\/wp-json\/wp\/v2\/pages\/233","targetHints":{"allow":["GET"]}}],"collection":[{"href":"https:\/\/alencosaic.com\/vans\/wp-json\/wp\/v2\/pages"}],"about":[{"href":"https:\/\/alencosaic.com\/vans\/wp-json\/wp\/v2\/types\/page"}],"author":[{"embeddable":true,"href":"https:\/\/alencosaic.com\/vans\/wp-json\/wp\/v2\/users\/1"}],"replies":[{"embeddable":true,"href":"https:\/\/alencosaic.com\/vans\/wp-json\/wp\/v2\/comments?post=233"}],"version-history":[{"count":79,"href":"https:\/\/alencosaic.com\/vans\/wp-json\/wp\/v2\/pages\/233\/revisions"}],"predecessor-version":[{"id":941,"href":"https:\/\/alencosaic.com\/vans\/wp-json\/wp\/v2\/pages\/233\/revisions\/941"}],"wp:attachment":[{"href":"https:\/\/alencosaic.com\/vans\/wp-json\/wp\/v2\/media?parent=233"}],"curies":[{"name":"wp","href":"https:\/\/api.w.org\/{rel}","templated":true}]}}